3 + 27*c**2 - 43*c + 29. What is o(12)?
-55
Let b(j) = -j**3 - 25*j**2 - 7*j - 49. What is b(-25)?
126
Let z(j) = -8*j**2 + 37*j + 33. What is z(5)?
18
Let s(g) = 2*g**2 + 65*g - 571. Determine s(7).
-18
Let o(r) = 2*r**2 + 4*r + 26. Calculate o(-8).
122
Let t(f) = -8*f**3 + 8*f**2 - 48*f + 139. Determine t(3).
-149
Let h(i) = -i**3 + 57*i**2 + 74*i - 4179. Give h(57).
39
Let g(f) = -3*f**2 + 81*f + 82. What is g(30)?
-188
Let d(u) = 3*u**2 + 92*u + 35. Give d(-31).
66
Let q(o) = -16397*o - 163967. What is q(-10)?
3
Let v(t) = -t**3 - 13*t**2 - 92*t - 967. Calculate v(-12).
-7
Let o(d) = -58*d - 9690. Determine o(-167).
-4
Let u(n) = 30*n**3 + 603*n**2 + 63*n + 42. Determine u(-20).
-18
Let o(g) = -2168*g + 65046. What is o(30)?
6
Let o(l) = l**3 + l**2 - 9*l + 2. Calculate o(-4).
-10
Let o(i) = 4172*i + 54235. Give o(-13).
-1
Let n(f) = f**3 + 2*f**2 + 11*f + 26. Calculate n(-3).
-16
Let a(i) = 5*i**2 + 46*i + 224. What is a(-5)?
119
Let l(k) = 1230*k - 19684. What is l(16)?
-4
Let o(j) = 3*j + 198. What is o(-19)?
141
Let s(m) = m**3 - 14*m**2 - 170*m - 80. Give s(22).
52
Let p(v) = 16*v - 431. What is p(14)?
-207
Let q(o) = 2*o**2 + 32*o + 60. Give q(-12).
-36
Let p(q) = 2*q**2 - 93*q + 317. What is p(43)?
16
Let u(r) = -7*r**2 + 93*r + 9. Determine u(14).
-61
Let b(f) = 8*f**3 - 441*f**2 + 59*f - 186. Determine b(55).
34
Let c(l) = 23*l**2 + 3*l + 6. What is c(2)?
104
Let x(c) = -c**3 + 38*c**2 - 196*c + 229. Determine x(32).
101
Let y(a) = -2*a**2 - 65*a + 76. What is y(-34)?
-26
Let z(y) = -y**2 + 19*y + 244. What is z(23)?
152
Let o(g) = -g**3 + 11*g**2 + 22. Calculate o(11).
22
Let v(u) = -34*u**3 + 6257*u**2 - 177*u - 1292. Give v(184).
-4
Let l(k) = -32*k - 75. Give l(0).
-75
Let c(o) = 25*o - 23. What is c(1)?
2
Let z(u) = -6*u**2 + 35*u + 7. Give z(3).
58
Let p(j) = -j**2 - 54*j - 401. Give p(-45).
4
Let i(t) = 23*t + 85. Determine i(-11).
-168
Let p(n) = n**3 + n**2 + 5*n + 13. Give p(0).
13
Let l(b) = 19*b - 1411. Calculate l(74).
-5
Let v(k) = 8352*k + 66821. Give v(-8).
5
Let w(t) = t**3 + 26*t**2 - 28*t - 1338. Determine w(-25).
-13
Let q(s) = -16*s - 1013. Determine q(-47).
-261
Let r(u) = u**3 - 85*u**2 + 85*u - 100. Determine r(84).
-16
Let s(v) = v**3 - 32*v**2 + 134*v - 50. Determine s(27).
-77
Let x(d) = -5*d**3 + 131*d**2 + 94*d - 34. Give x(27).
-412
Let k(u) = 34*u + 393. Calculate k(-9).
87
Let c(q) = -111*q**3 - 2220*q**2 + 2*q + 45. Give c(-20).
5
Let q(r) = -307*r + 101. Give q(1).
-206
Let f(q) = q**2 - 30*q - 96. Calculate f(35).
79
Let i(v) = 2*v**3 - 189*v**2 - 98*v + 219. Calculate i(95).
-66
Let t(h) = -2*h**3 - 16*h**2 + 79*h - 29. What is t(4)?
-97
Let h(i) = -28*i + 184. Give h(22).
-432
Let i(m) = m**3 + 19*m**2 - 37*m + 3. Determine i(-21).
-102
Let h(k) = k**3 + 30*k**2 + 232*k + 940. Determine h(-21).
37
Let q(y) = -y**3 - 3*y**2 - 2*y - 9. What is q(0)?
-9
Let v(s) = s**2 + 30*s - 749. Determine v(-46).
-13
Let s(t) = -t**2 + 3*t + 94. Determine s(-25).
-606
Let v(r) = r**3 - 14*r**2 - 30*r - 34. Give v(16).
-2
Let g(w) = 22*w**2 - 179*w + 18. Give g(8).
-6
Let c(r) = -3*r**3 - 76*r**2 - 21*r + 71. Determine c(-25).
-29
Let a(g) = g**2 - 18*g + 20. What is a(12)?
-52
Let r(l) = -l**3 + 18*l**2 - 48*l + 37. Determine r(15).
-8
Let m(j) = -425*j + 3863. Give m(9).
38
Let v(b) = 105*b + 113. What is v(-1)?
8
Let t(l) = -l**3 - 110*l**2 + 575*l - 3. Calculate t(-115).
-3
Let p(g) = g**3 + 18*g**2 + 59*g + 15. Determine p(-13).
93
Let x(d) = 14*d**2 + 25*d + 14. Give x(-2).
20
Let w(n) = n**3 + 19*n**2 - 13*n + 139. Calculate w(-20).
-1
Let c(a) = -2*a**2 - 2259*a + 13610. Determine c(6).
-16
Let w(k) = -182*k - 6002. Determine w(-33).
4
Let s(g) = -81*g + 131. What is s(3)?
-112
Let q(k) = -k**2 + 33*k - 230. What is q(24)?
-14
Let c(l) = -4693*l + 46933. What is c(10)?
3
Let j(m) = 52*m - 5522. Calculate j(106).
-10
Let p(a) = -a**2 - 584*a - 17659. What is p(-32)?
5
Let u(j) = 2*j**2 - 94*j - 92. What is u(46)?
-184
Let u(c) = 3*c**3 - 7*c**2 + 8*c - 21. Determine u(3).
21
Let c(g) = 75*g - 1255. Give c(17).
20
Let q(y) = y**3 - 34*y**2 + 25*y + 1236. Determine q(32).
-12
Let v(g) = g**3 + 7*g**2 + 5*g - 13. Calculate v(-5).
12
Let m(a) = 1268*a + 8846. Calculate m(-7).
-30
Let g(i) = -i**3 + 37*i**2 + 210*i + 57. Determine g(42).
57
Let r(m) = -6*m**2 + 381*m - 53. Calculate r(62).
505
Let n(s) = 14*s**2 - 31*s + 101. Give n(3).
134
Let q(s) = 8*s - 509. What is q(45)?
-149
Let t(s) = 141*s + 1003. Calculate t(-7).
16
Let h(g) = -2*g**2 + 791*g + 4819. Determine h(-6).
1
Let r(c) = -c**3 + 22*c**2 + 411*c - 101. Calculate r(34).
1
Let g(c) = 22*c + 356. Calculate g(-6).
224
Let x(j) = -365*j - 3941. Calculate x(-11).
74
Let c(w) = -w**2 - 16*w + 13. Calculate c(-7).
76
Let n(m) = -704*m - 7742. What is n(-11)?
2
Let p(b) = b**3 - 11*b**2 - 28*b + 85. Determine p(11).
-223
Let s(c) = -c**3 - 10*c**2 - 168*c - 1428. Calculate s(-9).
3
Let o(m) = m**2 + 6*m + 6. Calculate o(-5).
1
Let y(g) = -102*g**2 - 13*g + 1. Give y(-1).
-88
Let k(q) = 13*q - 226. Give k(26).
112
Let i(g) = -53*g + 197. Give i(3).
38
Let x(a) = a**3 + 7*a**2 - 40*a - 9. Determine x(-9).
189
Let p(l) = -l**3 + 3*l**2 + 12*l - 28. Calculate p(4).
4
Let v(n) = -1127*n + 2251. Calculate v(2).
-3
Let p(q) = -57*q + 9329. Calculate p(164).
-19
Let o(y) = -598*y - 5409. What is o(-9)?
-27
Let c(u) = -u**2 - 11*u + 621. What is c(20)?
1
Let m(r) = 2*r**3 - 5*r**2 - 3*r + 8. Determine m(4).
44
Let y(v) = 2*v - 31. Determine y(-15).
-61
Let v(g) = 5*g**2 + 13*g - 233. Give v(9).
289
Let o(l) = -l**3 - 16*l**2 + 34*l - 295. Calculate o(-19).
142
Let y(l) = -17*l - 58. What is y(-1)?
-41
Let s(k) = k**2 - 21*k + 84. What is s(5)?
4
Let v(g) = 15*g**2 + 1078*g + 3241. Give v(-3).
142
Let w(o) = -70*o - 85. Calculate w(-1).
-15
Let d(i) = -3*i**2 - 147*i + 154. What is d(-49)?
154
Let f(g) = 18*g - 262. Give f(19).
80
Let q(o) = o**3 + 10*o**2 - 19*o + 52. Give q(-12).
-8
Let k(m) = -m**2 - 38*m + 231. Calculate k(-39).
192
Let k(u) = -7*u**3 - 72*u**2 - 69*u - 494. Calculate k(-10).
-4
Let d(i) = -13*i**2 + 65*i - 482. What is d(9)?
-950
Let x(j) = -95*j + 11752. What is x(123)?
67
Let n(m) = -436*m - 16571. What is n(-38)?
-3
Let b(d) = -d**3 - 2*d**2 + 52*d + 177. Determine b(-6).
9
Let m(x) = -11*x**3 + 859*x**2 - 79*x - 169. Give m(78).
-247
Let g(z) = -z**3 + 82*z**2 - 389*z + 305. What is g(77)?
-3
Let w(a) = a**2 - 44*a + 380. Give w(28).
-68
Let w(k) = -k**3 - 7*k**2 - 19. What is w(0)?
-19
Let w(l) = 22*l + 189. What is w(-8)?
13
Let z(f) = 6*f**3 + 812*f**2 - 548*f - 546. Calculate z(-136).
-2
Let g(t) = t**3 + 12*t**2 - 252*t - 13. What is g(11)?
-2
Let x(s) = -46*s**2 + 204*s + 1548. Give x(-4).
-4
Let d(x) = -8*x - 401. Give d(-20).
-241
Let u(x) = 773*x + 18573. Determine u(-24).
21
Let j(s) = -3*s**2 - 514*s - 2040. Give j(-4).
-32
Let r(s) = -10*s**3 - 97*s**2 + 88*s + 579. Give r(-10).
-1
Let b(v) = v**3 - 21*v**2 - 6*v - 215. Determine b(22).
137
Let u(p) = 2*p - 197. Calculate u(53).
-91
Let f(u) = -11*u**2 + 385*u - 375. Determine f(34).
-1
Let g(b) = -b**3 - 139*b**2 - 267*b + 954. Determine g(-137).
-5
Let i(g) = -61*g**2 + 22*g + 46. Determine i(-2).
-242
Let f(n) = -11*n**3 - 2*n**2 + 17*n - 5. Determine f(3).
-269
Let p(q) = 95*q - 755. Calculate p(7).
-90
Let u(d) = -3*d**3 - 46*d**2 - 167*d + 3. Determine u(-6).
-3
Let c(t) = t**3 - 6*t**2 - 510*t + 2580. Determine c(5).
5
Let d(n) = 3*n**2 + 27*n - 196. Calculate d(5).
14
Let i(d) = -3*d**2 - 9*d + 104. Determine i(5).
-16
Let w(o) = o**3 - 74*o**2 + 1344*o + 5. What is w(42)?
5
Let g(p) = -p**3 + 26*p**2 + 32*p + 88. Give g(27).
223
Let l(j) = 54*j - 42. Give l(-2).
-150
Let k(u) = 32*u**2 + 549*u - 5. Calculate k(-17).
-90
Let v(q) = q**3 - 24*q - 16. Determine v(6).
56
Let b(a) = -52*a - 467. Determine b(-10).
53
Let y(k) = -709*k - 7090. Determine y(-10).
0
Let j(y) = -2*y**3 - 6*y**2 + 3*y - 54. Calculate j(-7).
317
Let r(s) = -2*s**3 - 113*s**2 + 33*s - 1379. Give r(-57).
-11
Let s(c) = -20*c**2 - 160*c - 13. What is s(-8)?
-13
Let b(h) = -548*h - 8773. Give b(-16).
-5
Let g(k) = k**2 + 213*k + 1046. Determine g(-5).
6
Let m(g) = -331*g + 1285. What is m(4)?
-39
Let l(f) = -4*f**3 + 444*f**2 + 16*f - 1775. Determine l(111).
1
Let t(b) = -31*b**3 + 22*b - 42.